o).
-1
Let m(j) = -j**2 - 7*j - 2. Let a = 7 + 5. Suppose 8 = -4*p - a. Give m(p).
8
Suppose 2*r - 12 - 8 = -5*m, -2*m = -r + 1. Suppose 2 + m = 2*z. Let s(j) = z + j**3 - 8 + 3*j - 5*j**2 + 0*j + 11*j**2. Calculate s(-5).
4
Let f(x) = -936 - 935 - 932 + 7*x + 2803. Let w = 2 + -3. Determine f(w).
-7
Let o(b) = -b**3 + 10*b**2 - 7*b - 20. Let q be o(9). Let g(y) = 5*y - 4. Let c(n) = n - 1. Let m(k) = q*g(k) + 9*c(k). Calculate m(3).
-4
Let j(x) = -x**3 + 5*x**2 + 4*x + 13. Let u(f) = -2*f**3 + 10*f**2 + 8*f + 22. Let l(v) = -5*j(v) + 3*u(v). What is l(6)?
-11
Suppose -8*p + 6 = -7*p. Let s(r) = 2*r - 6. Let k(n) = -2*n + 5. Let w(j) = p*k(j) + 7*s(j). What is w(8)?
4
Let b(f) = 4*f - 12. Let p(q) = 9*q - 24. Let j(x) = -5*b(x) + 3*p(x). Let y = 54 + -50. Let k(h) = 6*h - 12. Let l(v) = y*j(v) - 5*k(v). Calculate l(8).
-4
Let i(a) = -a**3 - 7*a**2 - 7*a - 9. Let g(n) = 2*n**3 + 13*n**2 + 14*n + 17. Let s(x) = 2*g(x) + 5*i(x). Calculate s(-8).
-19
Let y(l) be the third derivative of -l**5/20 + l**4/6 - 25*l**3/6 - 41*l**2. Let b(p) be the first derivative of y(p). Give b(3).
-14
Let k(x) = 2*x - 7*x**2 + x**2 - 5 - 3*x**3 + 2*x + 4*x**3. Let n = 1676 + -1670. Determine k(n).
19
Suppose -3*n - 1 - 35 = -3*b, 0 = 3*n + 12. Let a(k) = k**2 + 21899 - 7298 - 7293 - 7298 - 10*k. Calculate a(b).
-6
Let x(u) be the first derivative of -u**3/3 - 2*u**2 - 9*u - 315. Give x(-6).
-21
Let s be (8/3)/((-4)/(-6)). Suppose -2*y = 5*x - s - 24, 5*x - 4 = 4*y. Let k(v) = 11*v + 2. Let z(i) = 14*i + 1. Let t(r) = 5*k(r) - 4*z(r). Calculate t(y).
2
Suppose -p - 4*f = 7, 21 = -3*p - 0*p - 4*f. Let t = p - -3. Let i(g) be the second derivative of -g**3/3 - 3*g**2/2 - 20*g. What is i(t)?
5
Let g(b) be the first derivative of -b**5/120 + 11*b**4/24 + b**3/3 - 2. Let n(t) be the third derivative of g(t). Let f be 4/1*(5 - (-4 - -7)). Determine n(f).
3
Let j(x) = -2*x**2 + 5*x - 4. Let w = -168 - -173. Calculate j(w).
-29
Let f(b) = -13*b**3 + 7*b**2 + 13*b + 10. Let k(d) = 2*d**3 - d - 2. Let c(h) = -f(h) - 6*k(h). What is c(7)?
-47
Let b(u) be the third derivative of -u**5/8 - 3*u**3/2 + 7*u**2. Let c(t) be the first derivative of b(t). Determine c(1).
-15
Let t(c) = 3*c**2 + 4*c - 2. Suppose -194*m + 191*m - 9 = 0. Give t(m).
13
Let g = -209 + 213. Let x(q) be the first derivative of q**3/3 - q**2 - 3*q - 9. Calculate x(g).
5
Let z(c) = -2*c + 10. Let j be z(8). Let l be (-2)/5 + (-57)/(-5). Let o(p) = 1 - p - 7 - l + 3. What is o(j)?
-8
Let h(i) = i**3 + 6*i**2 - 9*i - 8. Suppose -25*f - 190 = -15. Give h(f).
6
Let c(r) = -17*r - 1. Let u be 4/(1/((-1)/(-4))). Let j(m) = m - 1. Let l(d) = u*c(d) - j(d). Calculate l(-1).
18
Let o(w) = w**2 + 3*w - 3. Let h(t) = 22*t + 90. Let g be h(-4). What is o(g)?
7
Let y(z) = z + 1. Let c(q) = 2*q + 1. Let h(o) = 2*c(o) - 5*y(o). Let u(d) = d - 1. Let x(m) = h(m) + 4*u(m). Determine x(6).
11
Let d = -48 + 52. Suppose 0 = -d*u + 3*u + 8. Let m(i) = i**3 - 9*i**2 + 9*i - 4. Determine m(u).
4
Let g(x) = -2*x + 1. Suppose 2*r + 4 = r, -20 = 2*y + 2*r. Let a(o) = -o**2 - 8*o - 13. Let p be a(y). What is g(p)?
3
Let w(l) be the first derivative of 2/3*l**3 + 2 + 0*l**2 + 1/360*l**6 + 1/24*l**5 + 0*l - 1/6*l**4. Let d(a) be the third derivative of w(a). Give d(-5).
-4
Let k(v) be the third derivative of -v**6/60 + v**5/60 + v**4/24 + 4*v**3/3 + v**2. Let o(g) be the first derivative of k(g). Give o(-1).
-7
Let z = 220 + -217. Let h(g) be the second derivative of 1/12*g**4 + 0 + 1/20*g**5 - 3*g + 1/6*g**z - 1/2*g**2. Calculate h(1).
2
Let l(i) = i + 2*i + 2*i - 4*i. Let n be ((-24)/15 - 0) + (-18)/(-30). Calculate l(n).
-1
Let s(z) = z**2 + 9*z - 36. Suppose -133 = 17*n + 71. Determine s(n).
0
Let z(f) = -f**2 - 30*f + 66. Suppose 352 = 181*j - 192*j. Determine z(j).
2
Let d(m) be the second derivative of -m**6/360 + m**5/120 + 5*m**4/12 - 13*m**3/6 + 5*m. Let c(p) be the second derivative of d(p). Determine c(0).
10
Let r(n) = n**3 + 1. Let c(d) = 7*d**3 - d - 5. Let b(w) = c(w) - 6*r(w). Let u(o) = 31*o**2 + 2*o - 1. Let s be u(1). Let i = s - 32. Give b(i).
-11
Suppose -28*o + 513 - 401 = 0. Let v(s) = s**3 - 6*s**2 + 3*s + 2. Determine v(o).
-18
Let j = -291 - -289. Let m(r) = -2*r**3 + 2*r - 1. Determine m(j).
11
Let g(r) = -2*r**2 - 36975*r - 16 + 3*r**2 + 3 + 36979*r. What is g(-6)?
-1
Let u(r) = -r + 2. Suppose 24*f - 40 = 22*f. Suppose -9 = i - 4*y, y - 6 = -3*i - f. Let s = 0 - i. Determine u(s).
-3
Let d be 4 - 2 - (-3 + 0 - -12). Let r(m) = m**2 + 5*m + 6. Let h(l) = -l + 1. Let s(o) = 2*h(o) - r(o). What is s(d)?
-4
Suppose -3*o + 2 = -n, 5*o + 5*n = -10 - 0. Suppose -5*m - 6 - 25 = -4*l, 4*l - 16 = o. Let a(w) = -w - 2 - 4 + 2 + 1. Determine a(m).
0
Suppose 1 = f + 5. Let w(s) = -s**2 - 7*s - 6. Let j be w(f). Let z(h) be the third derivative of h**5/60 - h**4/4 + h**3 + 5*h**2 + 2*h + 9. Determine z(j).
6
Let i(u) = -5*u**3 - u**2 + 1. Let s(d) = -d**2 - 10*d - 14. Let x be s(-8). Let q be -5*(-5)/50*x. Calculate i(q).
-5
Let c = 4 + 1. Let f(n) = -n - 1. Let v(y) = -2*y - 2. Let p(j) = 5*f(j) - 2*v(j). What is p(c)?
-6
Let u = -2 + 1. Let n(l) be the first derivative of 5/4*l**4 + 0*l**3 - l - 1/2*l**2 - 25. Calculate n(u).
-5
Let i(g) = -4*g - 7. Let z(v) = 5*v + 9. Let h(n) = 6*i(n) + 5*z(n). Calculate h(-1).
2
Let l(w) = 17*w**2 + 1. Let f(v) = -18*v**2 + v - 1. Let k(d) = -2*f(d) - 3*l(d). Let h be (2/7*(-35)/(-15))/(170/(-255)). Calculate k(h).
-14
Let o(a) be the first derivative of -a**4/4 + 7*a**3/3 - 7*a**2/2 - a + 419. Calculate o(6).
-7
Suppose -3*d + 5*x = 2*x, -2*d = -3*x - 5. Let v(j) = 3 - 4*j + 8*j + 3. Give v(d).
-14
Let v(z) be the first derivative of -19 + 1/2*z**2 + 1/3*z**3 - 4*z. Give v(-3).
2
Suppose 0 = 28*v + 9 + 159. Let y(u) = 3*u**2 + 14*u - 4. Calculate y(v).
20
Let w(x) = -x**2 + 3*x - 16 - x**3 + 17 - 2*x**2 + 4*x**2. Determine w(-2).
7
Let g(i) = -14 - 7*i**2 + 6*i**2 - 7*i + 2*i - 10*i. Let k be g(-14). Let d(y) = -y. Determine d(k).
0
Let l(n) = n**2 - 10*n. Let p(q) = -2*q**2 + 19*q - 37. Let r be p(5). Give l(r).
-16
Let t(r) = 3*r - 6. Suppose -2*v - 2*z = 2*z - 18, z = -5*v + 18. Suppose 0 = 5*u + 25, 23 = x - 6*u + v*u. Suppose x - 3 = j. Give t(j).
9
Let r = 2 + 4. Let b(l) be the first derivative of 19 + 2*l + 1/3*l**3 - 7/2*l**2. Calculate b(r).
-4
Let l(i) be the third derivative of i**4/24 + 3*i**3/2 - 57*i**2. Determine l(-7).
2
Let o(h) = 8*h + 1. Let g be 128/(-144) - (-3)/(-27). Determine o(g).
-7
Let s(v) = -4*v - 2. Suppose -2*n - 8 = -n. Let g be ((-20)/n - 2)*22. Suppose -9*f + 4 = -g*f. What is s(f)?
6
Let h(w) = 3*w + 13. Suppose -25 = -178*s + 183*s. Calculate h(s).
-2
Let s(t) be the second derivative of -t**6/120 - t**5/12 - t**4/6 - t**3/6 + 6*t**2 - 13*t. Let m(g) be the first derivative of s(g). Determine m(-4).
-1
Let g(s) = -s**2 + 3*s + 4. Let q be g(3). Let o(d) = d. Let y(n) = -n**2 + 5. Let m(k) = -2*o(k) - y(k). What is m(q)?
3
Suppose o - 2*o - 14 = -3*v, 3*o - 4*v + 17 = 0. Let u(d) = -10*d + 9. What is u(o)?
-1
Suppose -204*d = -232*d + 140. Let s(x) = -x**3 + 3*x**2 + 11*x - 4. Determine s(d).
1
Let c be (1/2)/((-6)/(-324)). Let t(p) = 26 + p + 15 - c. Determine t(0).
14
Let k(u) = u**3 - 8*u**2 - 10*u + 3. Let s(o) = -4*o - 7. Let v(g) = g - 11. Let i be v(7). Let a be s(i). Calculate k(a).
-6
Let k(y) = y**2 + 37*y + 36*y - 114*y + 40*y. Let z(s) = s**3 + s**2 + 12*s - 7. Let g = 3 - 2. Let h(m) = g*z(m) + 6*k(m). Determine h(-6).
-7
Let y(i) = -i**2 - 83 + 27 + 29 + 5*i + 28. Give y(7).
-13
Let n(l) be the second derivative of 7*l**5/120 - l**4/24 + l**3 - 2*l. Let c(p) be the second derivative of n(p). Suppose 5*v = 1 + 4. Give c(v).
6
Let g(u) = -2*u + 9. Let c be ((-7)/((-7)/9) - 4) + 1. What is g(c)?
-3
Let d(n) = -5*n**3 + 3*n - 2. Let y be d(1). Let l = 7 + y. Let x(v) be the third derivative of v**6/120 - v**5/20 + v**4/8 - v**3/2 - 9*v**2. What is x(l)?
6
Let l(q) = q**2 - 9*q. Suppose 8*d = 18*d - 60. Calculate l(d).
-18
Let u(l) be the third derivative of -l**6/120 - l**5/30 - l**3/6 + 2*l**2 + 126. Give u(-3).
8
Let k(c) be the second derivative of c**4/12 - 23*c**3/6 + 11*c**2/2 - 369*c. Calculate k(23).
11
Let n(z) = z**2 + z - 6. Let x(m) = 2*m**2 + 2*m - 13. Let d(i) = -5*n(i) + 2*x(i). Let f(k) = -k**3 - 4*k**2 + 7*k + 6. Let t